[INFO] cloning repository https://github.com/zhongwei/rustools
[INFO] running `Command { std: "git" "-c" "credential.helper=" "-c" "credential.helper=/workspace/cargo-home/bin/git-credential-null" "clone" "--bare" "https://github.com/zhongwei/rustools" "/workspace/cache/git-repos/https%3A%2F%2Fgithub.com%2Fzhongwei%2Frustools", kill_on_drop: false }`
[INFO] [stderr] Cloning into bare repository '/workspace/cache/git-repos/https%3A%2F%2Fgithub.com%2Fzhongwei%2Frustools'...
[INFO] running `Command { std: "git" "rev-parse" "HEAD", kill_on_drop: false }`
[INFO] [stdout] c0bd6d4d959a29904303a58931a7a096c197369d
[INFO] checking zhongwei/rustools against try#72f88fc4e9458f89516a0b8b0868f3718aec5b47 for pr-74989
[INFO] running `Command { std: "git" "clone" "/workspace/cache/git-repos/https%3A%2F%2Fgithub.com%2Fzhongwei%2Frustools" "/workspace/builds/worker-1/source", kill_on_drop: false }`
[INFO] [stderr] Cloning into '/workspace/builds/worker-1/source'...
[INFO] [stderr] done.
[INFO] validating manifest of git repo https://github.com/zhongwei/rustools on toolchain 72f88fc4e9458f89516a0b8b0868f3718aec5b47
[INFO] running `Command { std: "/workspace/cargo-home/bin/cargo" "+72f88fc4e9458f89516a0b8b0868f3718aec5b47" "read-manifest" "--manifest-path" "Cargo.toml", kill_on_drop: false }`
[INFO] started tweaking git repo https://github.com/zhongwei/rustools
[INFO] removed 0 missing examples
[INFO] removed 0 missing tests
[INFO] finished tweaking git repo https://github.com/zhongwei/rustools
[INFO] tweaked toml for git repo https://github.com/zhongwei/rustools written to /workspace/builds/worker-1/source/Cargo.toml
[INFO] crate git repo https://github.com/zhongwei/rustools already has a lockfile, it will not be regenerated
[INFO] running `Command { std: "/workspace/cargo-home/bin/cargo" "+72f88fc4e9458f89516a0b8b0868f3718aec5b47" "fetch" "--locked" "--manifest-path" "Cargo.toml", kill_on_drop: false }`
[INFO] [stderr]  Downloading crates ...
[INFO] [stderr]   Downloaded derive-error-chain v0.10.1
[INFO] [stderr]   Downloaded make-cmd v0.1.0
[INFO] [stderr]   Downloaded diesel_derives v1.0.0
[INFO] [stderr]   Downloaded backtrace v0.3.4
[INFO] [stderr]   Downloaded pq-sys v0.4.4
[INFO] [stderr]   Downloaded pear_codegen v0.0.12
[INFO] [stderr]   Downloaded url v1.6.0
[INFO] [stderr]   Downloaded pear v0.0.12
[INFO] [stderr]   Downloaded cexpr v0.2.2
[INFO] [stderr]   Downloaded clang-sys v0.21.1
[INFO] [stderr]   Downloaded rocket_codegen v0.3.5
[INFO] [stderr]   Downloaded dotenv v0.10.1
[INFO] [stderr]   Downloaded state v0.3.2
[INFO] [stderr]   Downloaded serde v1.0.21
[INFO] [stderr]   Downloaded yansi v0.3.4
[INFO] [stderr]   Downloaded diesel v1.0.0
[INFO] [stderr]   Downloaded isatty v0.1.5
[INFO] [stderr]   Downloaded infer_schema_macros v1.0.0
[INFO] [stderr]   Downloaded infer_schema_internals v1.0.0
[INFO] [stderr]   Downloaded diesel_infer_schema v1.0.0
[INFO] [stderr]   Downloaded rocket v0.3.5
[INFO] [stderr]   Downloaded bindgen v0.29.1
[INFO] [stderr]   Downloaded rocksdb v0.8.2
[INFO] [stderr]   Downloaded librocksdb-sys v5.7.1
[INFO] running `Command { std: "docker" "create" "-v" "/var/lib/crater-agent-workspace/builds/worker-1/target:/opt/rustwide/target:rw,Z" "-v" "/var/lib/crater-agent-workspace/builds/worker-1/source:/opt/rustwide/workdir:ro,Z" "-v" "/var/lib/crater-agent-workspace/cargo-home:/opt/rustwide/cargo-home:ro,Z" "-v" "/var/lib/crater-agent-workspace/rustup-home:/opt/rustwide/rustup-home:ro,Z" "-e" "SOURCE_DIR=/opt/rustwide/workdir" "-e" "CARGO_TARGET_DIR=/opt/rustwide/target" "-e" "CARGO_HOME=/opt/rustwide/cargo-home" "-e" "RUSTUP_HOME=/opt/rustwide/rustup-home" "-w" "/opt/rustwide/workdir" "-m" "1610612736" "--user" "0:0" "--network" "none" "rustops/crates-build-env@sha256:d92eaeed33fa75130ca1ee6c8a01d1ffb62bac859dfdfb3450e3e5d1c0146529" "/opt/rustwide/cargo-home/bin/cargo" "+72f88fc4e9458f89516a0b8b0868f3718aec5b47" "metadata" "--no-deps" "--format-version=1", kill_on_drop: false }`
[INFO] [stdout] a11f4290d228d3aafd5c8c1d5544989e26fb691740a79e09e152ac2aec03f800
[INFO] [stderr] WARNING: Your kernel does not support swap limit capabilities or the cgroup is not mounted. Memory limited without swap.
[INFO] running `Command { std: "docker" "start" "-a" "a11f4290d228d3aafd5c8c1d5544989e26fb691740a79e09e152ac2aec03f800", kill_on_drop: false }`
[INFO] running `Command { std: "docker" "inspect" "a11f4290d228d3aafd5c8c1d5544989e26fb691740a79e09e152ac2aec03f800", kill_on_drop: false }`
[INFO] running `Command { std: "docker" "rm" "-f" "a11f4290d228d3aafd5c8c1d5544989e26fb691740a79e09e152ac2aec03f800", kill_on_drop: false }`
[INFO] [stdout] a11f4290d228d3aafd5c8c1d5544989e26fb691740a79e09e152ac2aec03f800
[INFO] running `Command { std: "docker" "create" "-v" "/var/lib/crater-agent-workspace/builds/worker-1/target:/opt/rustwide/target:rw,Z" "-v" "/var/lib/crater-agent-workspace/builds/worker-1/source:/opt/rustwide/workdir:ro,Z" "-v" "/var/lib/crater-agent-workspace/cargo-home:/opt/rustwide/cargo-home:ro,Z" "-v" "/var/lib/crater-agent-workspace/rustup-home:/opt/rustwide/rustup-home:ro,Z" "-e" "SOURCE_DIR=/opt/rustwide/workdir" "-e" "CARGO_TARGET_DIR=/opt/rustwide/target" "-e" "CARGO_INCREMENTAL=0" "-e" "RUST_BACKTRACE=full" "-e" "RUSTFLAGS=--cap-lints=forbid" "-e" "CARGO_HOME=/opt/rustwide/cargo-home" "-e" "RUSTUP_HOME=/opt/rustwide/rustup-home" "-w" "/opt/rustwide/workdir" "-m" "1610612736" "--user" "0:0" "--network" "none" "rustops/crates-build-env@sha256:d92eaeed33fa75130ca1ee6c8a01d1ffb62bac859dfdfb3450e3e5d1c0146529" "/opt/rustwide/cargo-home/bin/cargo" "+72f88fc4e9458f89516a0b8b0868f3718aec5b47" "check" "--frozen" "--all" "--all-targets" "--message-format=json", kill_on_drop: false }`
[INFO] [stderr] WARNING: Your kernel does not support swap limit capabilities or the cgroup is not mounted. Memory limited without swap.
[INFO] [stdout] 58eda4d299c502f9ee7fa6d9235ff423deca0c42fc595dc3433e47644c6ebbc4
[INFO] running `Command { std: "docker" "start" "-a" "58eda4d299c502f9ee7fa6d9235ff423deca0c42fc595dc3433e47644c6ebbc4", kill_on_drop: false }`
[INFO] [stderr]    Compiling unicode-xid v0.0.4
[INFO] [stderr]    Compiling log v0.3.8
[INFO] [stderr]    Compiling lazy_static v1.0.0
[INFO] [stderr]    Compiling void v1.0.2
[INFO] [stderr]    Compiling quote v0.3.15
[INFO] [stderr]    Compiling utf8-ranges v1.0.0
[INFO] [stderr]    Compiling yansi v0.3.4
[INFO] [stderr]    Compiling gcc v0.3.54
[INFO] [stderr]     Checking matches v0.1.6
[INFO] [stderr]    Compiling percent-encoding v1.0.1
[INFO] [stderr]     Checking unicode-normalization v0.1.5
[INFO] [stderr]     Checking safemem v0.2.0
[INFO] [stderr]    Compiling serde v1.0.21
[INFO] [stderr]     Checking lazy_static v0.2.11
[INFO] [stderr]    Compiling language-tags v0.2.2
[INFO] [stderr]    Compiling traitobject v0.1.0
[INFO] [stderr]    Compiling typeable v0.1.2
[INFO] [stderr]    Compiling state v0.3.2
[INFO] [stderr]    Compiling pear v0.0.12
[INFO] [stdout] error[E0635]: unknown feature `const_atomic_bool_new`
[INFO] [stdout]  --> /opt/rustwide/cargo-home/registry/src/github.com-1ecc6299db9ec823/yansi-0.3.4/src/lib.rs:1:40
[INFO] [stdout]   |
[INFO] [stdout] 1 | #![cfg_attr(feature="nightly", feature(const_atomic_bool_new))]
[INFO] [stdout]   |                                        ^^^^^^^^^^^^^^^^^^^^^
[INFO] [stdout] 
[INFO] [stdout] 
[INFO] [stdout] error: aborting due to previous error
[INFO] [stdout] 
[INFO] [stdout] 
[INFO] [stdout] For more information about this error, try `rustc --explain E0635`.
[INFO] [stdout] 
[INFO] [stderr] error: could not compile `yansi`.
[INFO] [stderr] 
[INFO] [stderr] To learn more, run the command again with --verbose.
[INFO] [stderr] warning: build failed, waiting for other jobs to finish...
[INFO] [stdout] error[E0635]: unknown feature `const_atomic_usize_new`
[INFO] [stdout]  --> /opt/rustwide/cargo-home/registry/src/github.com-1ecc6299db9ec823/state-0.3.2/src/lib.rs:3:12
[INFO] [stdout]   |
[INFO] [stdout] 3 | #![feature(const_atomic_usize_new)]
[INFO] [stdout]   |            ^^^^^^^^^^^^^^^^^^^^^^
[INFO] [stdout] 
[INFO] [stdout] 
[INFO] [stdout] error[E0635]: unknown feature `const_atomic_bool_new`
[INFO] [stdout]  --> /opt/rustwide/cargo-home/registry/src/github.com-1ecc6299db9ec823/state-0.3.2/src/lib.rs:4:12
[INFO] [stdout]   |
[INFO] [stdout] 4 | #![feature(const_atomic_bool_new)]
[INFO] [stdout]   |            ^^^^^^^^^^^^^^^^^^^^^
[INFO] [stdout] 
[INFO] [stdout] 
[INFO] [stdout] error[E0635]: unknown feature `const_unsafe_cell_new`
[INFO] [stdout]  --> /opt/rustwide/cargo-home/registry/src/github.com-1ecc6299db9ec823/state-0.3.2/src/lib.rs:2:12
[INFO] [stdout]   |
[INFO] [stdout] 2 | #![feature(const_unsafe_cell_new)]
[INFO] [stdout]   |            ^^^^^^^^^^^^^^^^^^^^^
[INFO] [stdout] 
[INFO] [stdout] 
[INFO] [stdout] error: aborting due to 3 previous errors
[INFO] [stdout] 
[INFO] [stdout] 
[INFO] [stdout] For more information about this error, try `rustc --explain E0635`.
[INFO] [stdout] 
[INFO] [stderr] error: build failed
[INFO] running `Command { std: "docker" "inspect" "58eda4d299c502f9ee7fa6d9235ff423deca0c42fc595dc3433e47644c6ebbc4", kill_on_drop: false }`
[INFO] running `Command { std: "docker" "rm" "-f" "58eda4d299c502f9ee7fa6d9235ff423deca0c42fc595dc3433e47644c6ebbc4", kill_on_drop: false }`
[INFO] [stdout] 58eda4d299c502f9ee7fa6d9235ff423deca0c42fc595dc3433e47644c6ebbc4
